2 - -669. Is y(p) a composite number?
False
Suppose -32*k + 36*k - 3987 = -l, -5*l + 20050 = -3*k. Is l prime?
True
Suppose -39*g + 37*g + 5962 = 0. Is g composite?
True
Let s = -93 + 93. Suppose 35*u - 33*u - 2122 = s. Is u composite?
False
Let r(l) = -102*l - 7. Let h be 2*(3 + -3 + 44/(-8)). Is r(h) prime?
False
Let h(g) = 15*g**3 - g**2 + 3*g**2 + 3*g**2 + 4 + 12*g**3 + g. Is h(3) composite?
True
Suppose -2*a = -4*p - 270, -7*p + 2*p - 335 = -5*a. Let c = 447 + p. Is c prime?
True
Let y(m) = -m**2 - 19*m - 25. Let o be y(-17). Is -5*(12/o)/(20/(-1506)) a prime number?
False
Let k = 1621 - -1192. Is k a composite number?
True
Let f = 399 - 398. Suppose 2*s - 6*s = -1320. Is (s + f)/(4 + -3) a composite number?
False
Let h(i) be the third derivative of 25*i**4/2 + 5*i**3/6 + 2*i**2. Let r be (9/(-12))/(2/(-8)). Is h(r) composite?
True
Suppose -4*s - 2*q + 0*q + 38922 = 0, 3*q + 29214 = 3*s. Is s a prime number?
True
Suppose 0 = 2*c - c + 4. Let a = -276 + 118. Is a/(-1)*c/(-8) a prime number?
True
Let p(k) be the second derivative of 11*k**5/10 + k**4/6 - k**3/3 + k**2/2 + 9*k. Let g = 6 + -5. Is p(g) a prime number?
True
Is ((-16509 - -1)/2)/(49 - 51) composite?
False
Let d(m) = -1 + 128*m**3 - 2*m**2 + 6*m**2 + m - 5*m**2. Is d(1) a prime number?
True
Suppose 2*b - 5*m - 814 = -3*m, -1218 = -3*b + 4*m. Suppose 0 = -14*w + 9*w + b. Is w composite?
True
Let i = -629 - -1130. Is i prime?
False
Let l(i) be the third derivative of 9*i**4 + 7*i**3/6 - 7*i**2. Is l(4) a composite number?
True
Let d = -169 + 328. Is d composite?
True
Suppose -17*z = -8*z - 17163. Is z a prime number?
True
Suppose -3*n = -279 + 42. Let p = n + 900. Is p prime?
False
Let z = 0 - -5. Suppose z*a = -2*v + 45, 2*v - 1 = 3*a + 4. Is v a composite number?
True
Let s(m) = -430*m - 281. Is s(-4) prime?
True
Let i(h) = 8*h + 7. Let f be i(-4). Let y = f + 82. Is y a composite number?
True
Let n(k) = -242*k**2 - k. Let o be n(-1). Let p = -92 - o. Is p a prime number?
True
Let y(t) be the second derivative of -3/2*t**3 + 0 + 10*t + 4/3*t**4 + 1/2*t**2. Is y(-4) a composite number?
False
Suppose 4*t - 20 = -4, -46 = 2*d - 4*t. Let y be (-3362)/(-12) - d/(-90). Let x = y - 117. Is x prime?
True
Let s(i) = i**2 + 3*i. Let z be s(-6). Suppose -z = 4*g - 4*l + 62, 0 = 4*g - 2*l + 70. Is (-364)/(-10) - 9/g composite?
False
Suppose 3*b = 4*r + 9925 + 12922, 2*b - 15238 = r. Is b a prime number?
True
Suppose 0 = b - s - 353, 4*b - 2*s - 3*s - 1407 = 0. Suppose m + m = 4, -4*u + 5*m = -390. Suppose -2*d - u = -b. Is d composite?
True
Let d(u) = -20201*u**3 + 3*u**2 + 10*u + 7. Is d(-1) a prime number?
True
Let j(k) = -3*k**2 - 3*k + 2. Let p be j(1). Let m(a) = 2*a + 7. Let w be m(p). Is (63/(-14))/(w/2) prime?
False
Let n = -745 + 1157. Let o = 1435 + n. Is o a composite number?
False
Suppose 0 = -4*u + 5*u + 6. Let r(x) = 4*x**2 - 2*x - 17. Is r(u) a prime number?
True
Suppose -2*l = -y + 9, 0 = 5*l + y - 3*y + 22. Let w(a) = -8*a**3 + 2*a + 6*a**3 + 4 - 6. Is w(l) a composite number?
True
Suppose 0 = 2*l - l + 3*q - 1238, -4*q - 1266 = -l. Suppose -684 = -2*d + l. Is d a prime number?
True
Suppose -s + 40143 = 4*v, 2*s + 31*v = 27*v + 80302. Is s prime?
False
Let b(c) = -6*c**3 - 5*c**2 - c - 1. Let d be (2 + -12)*(-5)/10. Suppose -2*a + d = 13. Is b(a) composite?
False
Suppose 3*o - 111165 = -g, 6*g = 3*g. Is o a prime number?
False
Suppose 5*m + n = 9005, m + n = 3*m - 3602. Is m a composite number?
False
Suppose -2*d + 5*d - 6 = 0. Suppose -5*u + 3*t = -4*u + 10, 5*t - 35 = -d*u. Let k(s) = 23*s**2 + 8*s + 4. Is k(u) a prime number?
True
Let r = 3049 + -870. Is r composite?
False
Suppose -5*q = -2*f + 12, 3*q = -4*f + 6*f - 8. Let u be 20/(-6)*3/q. Suppose -u*l + 2*j = -479, -3*l + 4*l - 85 = 4*j. Is l composite?
False
Suppose -11*r - 5050 = -4*s - 14*r, 5*s - 6295 = 5*r. Is s a composite number?
True
Let f = -125 + 1382. Is f composite?
True
Suppose -n + 122 - 812 = 0. Let v be (1 + -5 - n) + -4. Suppose 3*w = w + v. Is w prime?
False
Is (-13655)/20*(-16)/(-4)*-1 composite?
False
Let l = 55722 + -19943. Is l a composite number?
True
Suppose -25041 = -4*x + 1507. Is x composite?
False
Suppose t = 2*p + 1351, -479 = -t - 2*p + 880. Is t composite?
True
Is ((-1)/(-3))/(6/(-63))*-12458 composite?
True
Let q be (-18)/14 - (-4)/14. Let n be 1 + 4/((-4)/q). Suppose n*r + r = 141. Is r a prime number?
True
Is 26*-1*(2 + 87/(-2)) a composite number?
True
Suppose v - 7373 = 4*i - 2070, 0 = 2*v + 3*i - 10661. Is v composite?
False
Let p(v) = 22*v + 11. Let r = 30 + -22. Is p(r) a prime number?
False
Is ((-3978)/(-612))/(899/898 - 1) a prime number?
False
Let c be (-2168)/4*(-2)/4. Suppose 360 = 3*x + 5*s - 413, 0 = -x - 5*s + c. Is x composite?
False
Let d = -3677 - -5792. Suppose -3*t = -d - 1128. Is t prime?
False
Let t be (-17)/(-2) + 8/16. Let a be (7 - t)*5/(-2). Suppose -4*y + k + 1080 = 0, 4*k - 226 = -a*y + 1103. Is y prime?
True
Let r = -2614 + 5117. Is r a prime number?
True
Is (-3)/2 - (-229177)/34 a composite number?
True
Suppose -4*t - 16 = -3*b + 13, 2*t + 3*b = -1. Is 105 - (-2*5)/t a prime number?
True
Let l be (-2)/4 + (-161)/46. Let n be (14/l)/(-7)*0. Is (-59)/(n - 3/3) composite?
False
Let n = -475 - -1159. Let y = -97 + n. Is y a prime number?
True
Suppose -23*o + 126*o - 132973 = 0. Is o composite?
False
Let w be 4/(-2 + 1 + 2). Suppose 3*p = -q - 4, -q + w*p = -p - 12. Suppose -q*j + 59 = -d, 92 = 3*j + 2*d - 7. Is j composite?
False
Let a be (-2 - 25/(-15))*-45. Suppose -i = -2*i + a. Is i a composite number?
True
Let m(v) = 24*v**2 + 7*v + 90. Is m(19) composite?
False
Let o(z) = 15*z + 8. Let p = -12 - -17. Is o(p) composite?
False
Suppose 3071 = 5*q + 251. Suppose -4*d + q = 2*d. Is d - -6*3/6 composite?
False
Suppose 58792 = -6*l + 164206. Is l a prime number?
True
Let a be (16/(-20))/(5/(-6200)). Suppose 0 = 3*v - 4*s + 2083, -2786 = v + 3*v - s. Let y = a + v. Is y composite?
True
Suppose -2*f + 0 = -10. Suppose -f*l + 1191 = -2*l. Is l a composite number?
False
Let d be ((-14)/21)/((-2)/(-2577)). Let v = 1472 + d. Is v composite?
False
Let m(a) = 4*a**2 + 9*a - 8. Is m(-9) a composite number?
True
Suppose -3*d = -706 - 5837. Is d composite?
True
Let i(c) = -c**2 - 4*c + 1. Let m be i(-3). Suppose 2*v + m = 3*x + 39, v + 2 = 0. Let u = 6 - x. Is u composite?
False
Suppose 0 = 2*l - 1823 - 4619. Is l a prime number?
True
Let y(w) be the second derivative of 0 + 5*w + 1/3*w**3 - 19/2*w**2. Is y(13) a composite number?
False
Let i(q) = -94*q**2 + 2*q + 12. Let r(z) = 63*z**2 - z - 8. Let w(t) = -5*i(t) - 7*r(t). Is w(-2) composite?
True
Let q(u) = 30*u**3 + u**2 + 4*u - 6. Let f be q(3). Let c = 1204 - f. Is c a composite number?
False
Is -3 + ((-6)/(-4) - 191292/(-24)) composite?
True
Suppose 0 = 2*b - 4*w - 6, 3*w = w - 4. Is (2/8)/(b/3)*-668 a prime number?
False
Suppose -z + 3*m = z - 20570, 0 = 3*z + m - 30833. Is z composite?
True
Let l be 3*-3*(-4)/18. Suppose -4*u - 2*h + 690 = 0, 4*u + l*h - 680 = -2*h. Suppose 7*k - u = 2*k. Is k composite?
True
Suppose 9*r + 6294 = 3*w + 10*r, r = -w + 2096. Is w a composite number?
False
Suppose -6 = 2*c - 5*c. Suppose 4*q = -5*k + 1680, 3*q - 1257 = -k - c*k. Is q prime?
False
Suppose -14567 = -2*p - 3*p - c, 4*c = -3*p + 8747. Is p composite?
True
Let x(u) = -57 + 22 + 38*u**3 - 5*u + 3*u**2 + 21 + 15. Is x(2) a prime number?
True
Let s = -22 + 30. Suppose s*z - 104 = 4*z. Is z prime?
False
Suppose -16*n - 247 = 137. Let y = n - -289. Is y prime?
False
Let p = -20 - -22. Is 4791/p*(6 + (-96)/18) composite?
False
Suppose q + 32 = 9*q. Suppose -q*g = -6*g - 4*p + 698, 1043 = 3*g + 5*p. Is g prime?
False
Let b(g) = g**2 - 2*g + 1. Let i be b(3). Let a be (9/(-6))/((-2)/i). Suppose -211 = -v + j, 2*j = a*v - 383 - 250. Is v composite?
False
Suppose -5*i + 8369 = -13556. Is i a composite number?
True
Let p(v) = -2*v - 18. Let c be p(-11). Suppose c*y + y = 1055. Is y a composite number?
False
Suppose 5*a - 50 = -5*g, -9 = 4*a + 5*g - 51. Suppose a*f - 1175 = 3*f. Is f a prime number?
False
Is 541/(-2)*4/(-2) a prime number?
True
Suppose -4*s = 4, 4*s = 4*b + b + 276. Is ((-158)/8)/(2/b) a prime number?
False
Is (1 - -3 - 0)*37985/20 a composite number?
True
Suppose -2*d + 625 = -727. Let q = 1095 - d. Is q composi